uppose -18*q - 104 + 218 = -w, 0 = q - 6. Give u(w).
0
Let n(z) = z**3 + 3*z**2 + 4. Let j(b) = b**3 - 10*b**2 - 12*b + 8. Let l be 8*-6*5/(-15). Let a be (-12 + l)*2/(8/11). Let f be j(a). What is n(f)?
4
Let j(h) = -h**3 + h**2 - 6*h - 7. Let y(s) = -8*s**3 + 143*s**2 + 19*s - 19. Let t be y(18). Calculate j(t).
1
Let m(c) be the second derivative of -16 + 7/6*c**3 - 1/2*c**4 - 1/20*c**5 + 9/2*c**2 - 5*c. Calculate m(-7).
9
Let i(g) = 7*g + 36. Let k be i(-5). Suppose 0 = 4*h - 336 - 1116. Let v(b) = -k + 0 + h*b - 364*b. What is v(-4)?
3
Suppose -5*q + 114 = 4*d, -5*q + d + 106 = -3*d. Suppose -26*z + q*z = 124. Let k = -25 - z. Let f(l) = 2*l + 5. Determine f(k).
17
Suppose 5*l - 5*b = 10, l - 7 = b + b. Suppose 26 - 46 = -10*q. Let j(c) = -4*c**3 - 6*c**2 + 20*c**q - 12*c**2 + 2*c + 5*c**3 + 4. Determine j(l).
-11
Suppose -2*w + 40 = -2*j, 3*j - 21*w + 46 = -20*w. Let g(q) = q**3 + 14*q**2 + 10*q - 44. Give g(j).
-5
Let l(h) = -292*h + 1 - 292*h + 585*h. Let y(s) = s - 5. Let g be y(4). Let n = g - -2. What is l(n)?
2
Let d(m) = -32252*m**2 + 64488*m**2 - 32241*m**2 - 34*m + 3 - 34. Determine d(-6).
-7
Let j(a) = -98 + 46 + 26 + 29 - 17*a**2 + 4*a. Determine j(2).
-57
Let m be 56/10 - 2/10*-2. Let b(l) = -722 - m*l - l**2 + 734 + 9*l. What is b(5)?
2
Let c(v) = v**2 - 10*v - 29. Let o be c(12). Let s be 2*(o/(-2) - 3). Let n be 1/(3/18*-2) + s. Let p(y) = y. Determine p(n).
-4
Let r(o) = 2*o**2 + 42*o - 196. Let a be r(-25). Let j(f) = f**3 - 2*f**2 - 3*f - 3. What is j(a)?
17
Let a(w) be the first derivative of -w**4/4 - 3*w**3 + 7*w**2/2 + 32*w - 7281. Determine a(-10).
62
Let x(n) be the third derivative of n**4/24 + n**3/2 + 2032*n**2. Determine x(0).
3
Let m(u) be the first derivative of 0*u**3 + 14 + 0*u - 1/24*u**4 - 10*u**2. Let c(r) be the second derivative of m(r). Determine c(2).
-2
Let x(g) be the first derivative of 1/2*g**2 + 183 + g - 4/3*g**3. Calculate x(2).
-13
Let t(x) = 9*x**2 - 4*x - 1. Let b(a) = -40*a**2 + 15*a + 2. Let o(u) = 2*b(u) + 9*t(u). Let r(l) = 5*l - 2 - 3 + 3 - 4*l. Let c be r(9). Determine o(c).
2
Let x(v) = -v - v + 25*v - v - 84 - 9*v. Determine x(6).
-6
Let u(r) = r**3 + r**2 + 20. Let p be -2 - ((-6)/2 - 1). Suppose -3*o + 11 - p = 0. Let l be o + (-9 - 3)/4. Calculate u(l).
20
Let y be (-4 - 78/(-18))/((-3)/63). Let m(n) = -n**2 - 36*n - 209. Give m(y).
-6
Let q(a) = 16*a**2 - 8 - 8*a + 22*a + 14*a**2 - 29*a**2. Determine q(-8).
-56
Let x(f) = 5 + f**3 + 1407*f**2 + 45*f + 1428*f**2 + 1419*f**2 - 4272*f**2. Give x(15).
5
Let m(x) = x**3 - 8*x**2 - 8*x - 18. Let l be (1 - -2) + 64/(64/(-8)) + 14. Give m(l).
-9
Let k(c) = 113113*c - 113110*c + 4 + 6*c**2 + c**3 - 13*c**2. Let d be (-62)/(-10) + 2/(-10). Calculate k(d).
-14
Let m(a) = 1 + 0*a**2 + a**2 - 3. Suppose 37 = 4*o + 5*b + 29, -3*o = -5*b - 6. Calculate m(o).
2
Suppose -6*a + a = -h - 73, 69 = 5*a - 3*h. Let y(r) = -306 + 316 - a*r + 3*r + r**2. Give y(8).
-22
Let a(u) = -3*u**3 + 3*u**2 - 4*u + 3. Suppose 177 = -177*d + 354. Give a(d).
-1
Let g(u) = -u**2 - 14*u - 4. Suppose -77*z - 455 + 105 - 420 = 0. Give g(z).
36
Let b(a) = -26*a**3 + 58 - 22*a**3 + 74 - 21*a - 29 - 13*a**2 + 49*a**3. Give b(14).
5
Let i(h) = -12*h**3 + 17*h**2 + 12*h + 1. Let v(j) = 35*j**3 - 47*j**2 - 34*j - 4. Let m(d) = -11*i(d) - 4*v(d). What is m(-2)?
65
Let i(h) = -90 - 26*h + 6*h + 28*h. Give i(11).
-2
Let r(w) be the second derivative of -w**4/12 - 2*w**3 - 5*w**2 + 12*w + 16. Suppose -5*f + 72 = -f. Suppose 2*x + 6 = -0*v - 5*v, x - 5*v = -f. Give r(x).
22
Let l(n) = 2*n - 12. Let s(r) = r**3 - 3*r**2 + 5*r - 9. Suppose -10 = 3*g - 19. Let v be s(g). Give l(v).
0
Let r(o) be the first derivative of o**2/2 + 8*o - 3976. Give r(-9).
-1
Let x(h) = h**3 + 8*h**2 + 7*h - 11. Suppose 4*r - 38 = -2*b + 5*b, -5*b + 2*r = 40. Give x(b).
19
Let j = -90 + 126. Let m = 39 - j. Suppose -m*i = -i. Let s(h) = h - 5. Give s(i).
-5
Let u = 45 - 40. Suppose -u*o + 160 = 5*o. Let r(j) = 2*j - 29. Determine r(o).
3
Let w(r) be the third derivative of -2*r**4/3 - 7*r**3/6 - 29*r**2 - 26*r. Give w(-1).
9
Let q(g) = g - 2*g**2 + 0*g + 20*g**2 - 4 - 13*g**2. Give q(-2).
14
Let b(q) = -2*q + 19. Let j be b(8). Let d(k) = k + j - 2 - 2 - 12*k. Determine d(-1).
10
Let g be 0/(4 + -2) - 0. Suppose g = 3*n - 5 - 13. Let y(w) = 137*w - 29. Let j(f) = -219*f + 46. Let d(p) = -5*j(p) - 8*y(p). Determine d(n).
-4
Let h(q) be the third derivative of -2/3*q**3 + 2/15*q**5 + 0*q + 3*q**2 + 1/120*q**6 - 3 - 1/24*q**4. Suppose -2*u - 4*i - 1 = 7, u + 12 = 2*i. Give h(u).
4
Let h(l) = 521*l + l**2 + 1 + l**3 - 787*l + 265*l. Suppose -4*a + 2*j = 0, 2*j - 8 + 18 = -a. Give h(a).
-1
Suppose -45 = 2*l + s - 336, -s + 144 = l. Suppose 3*x = -2*m - m + l, -5*x - 2*m = -245. Suppose -x + 4 = 5*d. Let h(r) = -r**2 - 10*r - 12. Calculate h(d).
-3
Let i(w) = 66*w - 34. Let x(k) = 29*k - 15. Let g(j) = 4*i(j) - 9*x(j). Let y = -5 - -8. Determine g(y).
8
Let z be 1 + (-1 - (-3)/3). Suppose -3*c = -4*c + 7. Let p(u) = u - 7*u**2 + c*u**2 + 3*u**3 - 13*u**3. Determine p(z).
-9
Let m be -41 + 18 + 62 + -35. Let z(u) = -6 + 5*u + 0 - 3*u. Calculate z(m).
2
Let r(t) = -2*t**3 - 6*t**2 + 9*t - 11. Suppose -132 - 223 = 71*c. Give r(c).
44
Let h(r) = r**2 + r + 1. Let l(y) be the first derivative of -y**3 + 2*y**2 + 2*y - 12. Let t(x) = -4*h(x) - l(x). Let c be 14/(-4) + (-70)/20. Determine t(c).
1
Let w(u) = -6*u - 233. Let q(f) = f + 52. Let h(k) = -9*q(k) - 2*w(k). Give h(-17).
-53
Let c(n) = -5*n**2 - 41*n + 41*n - n**3. Let i(d) = 0*d**2 - 6 + d**2 + 8*d + 1. Let l be i(-8). Give c(l).
0
Let k = 365 - 354. Let b(v) = k + v**2 - 36 + 13 + 8 - 3*v. Calculate b(5).
6
Let b(f) be the third derivative of 17*f**4/8 + 18*f**3 - 4255*f**2. Give b(-2).
6
Let v(r) = r**2 + 67*r - 182. Let x be v(-70). Let c(d) = d**3 - 27*d**2 - 26*d - 54. Determine c(x).
2
Let j = 409 - 397. Let l(y) be the second derivative of -j*y - 1/12*y**4 + 0 - 3*y**2 - 7/6*y**3. Give l(-4).
6
Suppose k + 7 = -2*r, k = -2*k + 2*r + 19. Let f = -60 + 65. Let u(c) = 3 + 1 - 2*c - f + 0*c. Determine u(k).
-7
Let d(a) = a**2 - 4*a - 6. Let i be d(7). Suppose -3*t + 17 = 2*u - 4*u, -4*u + i = t. Let g(z) be the first derivative of -z**2/2 - 8*z - 94. Give g(t).
-15
Let r(y) = y**3 - 8*y**2 + 10*y + 13. Let u(o) = o + 10. Let x(s) = -r(s) + 3*u(s). What is x(7)?
17
Let a(n) be the first derivative of 11*n**2/2 - 41*n - 2555. Calculate a(8).
47
Let k(a) be the second derivative of -4*a**3/3 + a. Suppose -64*p + 253 = -131. Suppose 0 = -2*i - o - p + 10, i = -3*o + 7. What is k(i)?
-8
Let m(i) be the third derivative of 11*i**4/24 - i**3/6 + 2*i**2 - 1275*i + 2. Let k(o) = o**3 - 7*o**2 + 6*o + 1. Let l be k(6). Calculate m(l).
10
Let o(v) = 3*v**2 + 1. Let f(i) = 12*i**2 + 2*i - 4. Let l(y) = f(y) - 3*o(y). Determine l(0).
-7
Let o(x) = 4*x - 21. Let g = 9356 - 9348. Give o(g).
11
Let c(y) = y**2 - 8*y + 1. Suppose 0 = -12*x + 10*x - 66. Let t be (3 - (6 + -4))*x. Let m be (-75)/(-12) + -3 + t/(-12). Determine c(m).
-11
Let t(i) = 2*i - 2. Let s(l) = -16*l - 16. Let x(v) = -s(v) - 16*t(v). Let f be x(3). Let u(o) = o**3 - o**2 + o + 36. Calculate u(f).
36
Let h(n) = -n**2 - 5*n - 1. Let f be (-3)/((-33)/15 + 2). Suppose -61*b + 66*b = f. Let d(z) = -z**2 - 5*z - 2. Let v(m) = b*d(m) - 2*h(m). Give v(-5).
-4
Suppose -s - 5*x + 7 = -2*s, 11 = 3*s + x. Let d(i) = 10*i - 22. Give d(s).
8
Let d = 852 + -851. Let r(j) = -9*j**3 - j**2 - 3*j + 2. Let m(h) = -h**3 - h**2 - h + 1. Let t(i) = -2*m(i) + r(i). Determine t(d).
-7
Let f(h) = h**2 + 4*h + 1. Let d be f(-5). Suppose -662 = 6*u - 758. Let x(k) = 15 - 31 + u - k + 8. Determine x(d).
2
Let p(j) be the second derivative of -19*j**4/3 - 5*j**3/6 - 5*j**2/2 - 103*j. Let r(x) = 38*x**2 + 2*x + 2. Let b(l) = 3*p(l) + 7*r(l). Give b(-1).
38
Let a(c) = -c + 2832 - 5645 + 2823. Calculate a(11).
-1
Let t(r) = -5*r**2 - 7*r + 5. Let n = 17458 - 17454. What is t(n)?
-103
Let a(l) = -2*l - 24. Let r be a(-14). Suppose -5 = -9*i + r. Let k(w) = w - 3 + 3*w - i + 10. Calculate k(-4).
-10
Suppose 0 = 19325*y - 19316*y - 18. Let g(x) = -13*x**2 - 1. Give g(y).
-53
Let p(w) = 2*w**2 - w**2 + w**3 - 7 + 4*w**2 - 8*w. Suppose -140*m - 198*m - 1341 = 687. Calculate p(m).
5
Let k(j) = 13*j**2 + 11*j + 51. Let v(i) = 15*i**2 